00?
-2a9
In base 10, what is -5 - 1?
-6
In base 11, what is 59 + -14?
45
In base 8, what is 27141 - -3?
27144
In base 2, what is -11 + -10010?
-10101
In base 8, what is 0 + 334?
334
In base 3, what is 1221222 + 0?
1221222
In base 10, what is 1067 + -2?
1065
In base 4, what is 10 - -3130?
3200
In base 9, what is -68 + -3?
-72
In base 9, what is -6531 - 6?
-6537
In base 5, what is 3 - -3240?
3243
In base 16, what is -144 + -3?
-147
In base 9, what is 66 + 21?
87
In base 3, what is 2121222 + 220?
2122212
In base 14, what is -2498 + 3?
-2495
In base 14, what is 4 + 67?
6b
In base 9, what is -81 - -4?
-76
In base 14, what is 37 - 4?
33
In base 10, what is -392 + -3?
-395
In base 13, what is -7b + -1?
-7c
In base 6, what is -34 - 224?
-302
In base 11, what is 1 + 598?
599
In base 16, what is -db + f?
-cc
In base 11, what is -4 + -393?
-397
In base 3, what is -12 + 1100?
1011
In base 12, what is 1b50 - 4?
1b48
In base 3, what is 2121212 - -1?
2121220
In base 13, what is 171 - -2?
173
In base 14, what is 5 + 1?
6
In base 10, what is 57 + 15?
72
In base 12, what is -12 - 552?
-564
In base 3, what is 10012110 - 1?
10012102
In base 15, what is -5 - 971?
-976
In base 6, what is -123 - 3?
-130
In base 14, what is 13 - -29?
3c
In base 4, what is 123 + 1123?
1312
In base 9, what is -145 - 37?
-183
In base 11, what is -51 + -47?
-98
In base 3, what is 102 - -20112?
20221
In base 13, what is 6 + -1156?
-1150
In base 14, what is -4 + 66?
62
In base 10, what is 11 - -9?
20
In base 16, what is 5a5 - -4?
5a9
In base 16, what is -260 - 7?
-267
In base 13, what is -1161 - -2?
-115c
In base 11, what is 3 - a9?
-a6
In base 11, what is 18 + 124?
141
In base 8, what is 40 - -1?
41
In base 9, what is 383 - 2?
381
In base 3, what is -2 + 12211001?
12210222
In base 11, what is 3 - -247?
24a
In base 7, what is -60 + -210?
-300
In base 8, what is -66 - -47?
-17
In base 7, what is -5536 - -4?
-5532
In base 6, what is -25444 - -1?
-25443
In base 2, what is 100 + 11100?
100000
In base 11, what is 66 - 1?
65
In base 8, what is -4320 + -4?
-4324
In base 3, what is -1001 - -2201?
1200
In base 2, what is -1110 + -101000?
-110110
In base 11, what is -4 - 4?
-8
In base 10, what is -20 + 79?
59
In base 11, what is -23 + -25?
-48
In base 13, what is 1 - -26?
27
In base 11, what is 9 - 40?
-32
In base 2, what is 11010100 - 10?
11010010
In base 15, what is -79 + 28?
-51
In base 8, what is 54 + 3?
57
In base 3, what is 20012 - -2?
20021
In base 10, what is -13 - -28?
15
In base 3, what is 1 - 11022?
-11021
In base 2, what is -11100 + -1000?
-100100
In base 9, what is 1 + 6?
7
In base 7, what is -2544 + -2?
-2546
In base 2, what is 10110100 - -100?
10111000
In base 10, what is -5 + 1473?
1468
In base 12, what is -2a - 154?
-182
In base 12, what is b + 0?
b
In base 14, what is -3 - 73?
-76
In base 9, what is 1008 - -4?
1013
In base 9, what is 7 - 0?
7
In base 15, what is 56 + 56?
ac
In base 11, what is -426 + -3?
-429
In base 14, what is -3d + 3?
-3a
In base 5, what is -33021 - 1?
-33022
In base 15, what is 2a0 - -4?
2a4
In base 11, what is -4 + 20?
17
In base 3, what is 1010212 + 1?
1010220
In base 6, what is 1341 - -5?
1350
In base 7, what is -4205 + -4?
-4212
In base 12, what is -2 + -85?
-87
In base 5, what is 111 + 1103?
1214
In base 4, what is -2 + -10332?
-11000
In base 15, what is -1e82 + -4?
-1e86
In base 4, what is -102002 + -22?
-102030
In base 7, what is 103 + -42?
31
In base 11, what is 40 - 10?
30
In base 5, what is -4 + -44?
-103
In base 10, what is 5 + -69?
-64
In base 8, what is 403 - -201?
604
In base 4, what is 2 + -100121?
-100113
In base 3, what is 122010 - -211?
122221
In base 16, what is -2 + 1f09?
1f07
In base 12, what is -3 + 21b?
218
In base 3, what is 10 - 20?
-10
In base 6, what is 2102 + 1?
2103
In base 9, what is -2 + -45?
-47
In base 7, what is 233 - -32?
265
In base 14, what is -40cd - -5?
-40c8
In base 15, what is a - 44?
-39
In base 6, what is -15432 + -1?
-15433
In base 7, what is 26 - 25?
1
In base 7, what is -1 + -1126?
-1130
In base 4, what is 30321 - 1?
30320
In base 7, what is -2 - 1005?
-1010
In base 10, what is 4 + 4510?
4514
In base 10, what is -5387 + -1?
-5388
In base 11, what is 4 + -65?
-61
In base 8, what is 15 - -554?
571
In base 9, what is -5832 - 3?
-5835
In base 15, what is b - 63?
-57
In base 4, what is 2 - 1010?
-1002
In base 3, what is -10021 - -10?
-10011
In base 11, what is 20 - -78a?
7aa
In base 5, what is -2 - -322?
320
In base 14, what is 33 - 4?
2d
In base 15, what is -5 + -cd1?
-cd6
In base 4, what is 1112 - 10?
1102
In base 5, what is 111 - -3?
114
In base 13, what is -5 + 83?
7b
In base 10, what is 15 - -339?
354
In base 4, what is 2103 - -11?
2120
In base 4, what is 130 - -130?
320
In base 5, what is -22 + 30?
3
In base 13, what is 5 + -25?
-20
In base 8, what is 1 + -2754?
-2753
In base 7, what is 112204 + 2?
112206
In base 8, what is -7024 + 4?
-7020
In base 3, what is 11 + 101?
112
In base 8, what is 1165 - 2?
1163
In base 5, what is 10 + 10021?
10031
In base 15, what is -49 - 6?
-50
In base 6, what is 344 - 1?
343
In base 2, what is -111101 - -100?
-111001
In base 8, what is 0 + 230?
230
In base 2, what is -10100111011010 + -10?
-10100111011100
In base 15, what is -5 - -599?
594
In base 10, what is 3 + -425?
-422
In base 14, what is -9b - 12?
-ad
In base 8, what is -61 + -10?
-71
In base 16, what is 2633 - 1?
2632
In base 9, what is 3 + 38?
42
In base 6, what is -5 + -210?
-215
In base 8, what is -3 + -3541?
-3544
In base 8, what is -137 + -2?
-141
In base 5, what is 201 - 4?
142
In base 4, what is 101 + 23?
130
In base 7, what is 1150 + 6?
1156
In base 14, what is -2d - 1?
-30
In base 8, what is -31 - -2017?
1766
In base 4, what is -11 + -1312?
-1323
In base 6, what is -1200 - -5?
-1151
In base 14, what is 35 + 9?
40
In base 9, what is -1 + -35?
-36
In base 4, what is -3331 - 1003?
-11000
In base 8, what is -53 + -5?
-60
In base 9, what is -1 + -5715?
-5716
In base 16, what is -4 + -1c?
-20
In base 4, what is -2103101 - -3?
-2103032
In base 10, what is -22 + 57?
35
In base 2, what is -100100 + -1?
-100101
In base 2, what is -10011101 + -10?
-10011111
In base 14, what is -19a + 2?
-198
In base 16, what is -6d + 5?
-68
In base 9, what is -216 + 33?
-173
In base 9, what is -223 - -8?
-214
In base 8, what is 7 + -100?
-71
In base 12, what is -644 + -5?
-649
In base 9, what is -220 - 2?
-222
In base 6, what is -45 - 440?
-525
In base 13, what is 5 - -140?
145
In base 6, what is 2232 + 5?
2241
In base 16, what is 4 - 3a0?
-39c
In base 2, what is 111 + -1000101?
-111110
In base 16, what is df - 1?
de
In base 10, what is -402 + 3?
-399
In base 3, what is -10 - -210?
200
In base 2, what is -1 + -101010111?
-101011000
In base 3, what is -1110 + -10200?
-12010
In base 2, what is -10010 - -1000?
-1010
In base 12, what is 1ba + 5?
203
In base 11, what is -16 + 41?
26
In base 7, what is -5 - 621?
-626
In base 14, what is -2d4 + 40?
-294
In base 13, what is -2 - 986?
-988
In base 12, what is -52 - 1a9?
-23b
In base 4, what is -310 + -231?
-1201
In base 4, what is 330 - 13?
311
In base 6, what is -324 - -4?
-320
In base 7, what is -1554 + 0?
-1554
In base 5, what is 1 + 1224?
1230
In base 3, what is -11 - -11122?
11111
In base 13, what is -61 + 1?
-60
In base 11, what is 3 + 177?
17a
In base 3, what is 102 - -1121?
2000
In base 10, what is -4 - -155?
151
In base 12, what is 2 + -359?
-357
In base 13, what is -31b - -7?
-314
In base 8, what is -4 + -4132?
-4136
In base 8, what is -751 + -4?
-755
In base 7, what is 2 - -103?
105
In base 6, what is -10 - -245?
235
In base 10, what is 4 + 27?
31
In base 15, what is 16b - -3?
16e
In base 10, what is -4 - 117?
-121
In base 16, what is -116 - 0?
-116
In base 10, what is -338 - 0?
-338
In base 8, what is -31 - 64?
-115
In base 13, what is -1 + 44?
43
In base 2, what is 10010 + -10110110?
-10100100
In base 15, what is -120 - 0?
-120
In base 10, what is -138 - 15?
-153
In base 3, what is -221002121 - 0?
-221002121
In base 5, what is -10212 - 2?
-10214
In base 2, what is -10110100 + 110?
-10101110
In base 12, what is 4 - -13b?
143
In base 5, what is -131 + 132?
1
In base 5, what is -204440 - -1?
-204434
In base 16, what is 17 - -b0?
c7
In base 9, what is -108 + -8?
-117
In base 11, what is -24